-2*q + 4*v + 32, 108*q - 5*v = 111*q - 26. Calculate m(q).
14
Let q(c) = c**3 - 10*c**2 - 12*c + 13. Let r = 3807 + -3796. Calculate q(r).
2
Suppose 13*m = 23*m. Let i(x) = 4*x - 19*x + 0 + m. What is i(-1)?
15
Let b = -2101 - -3174. Let f(h) = 8 - h + 5*h + b*h**2 - 1074*h**2. Give f(5).
3
Let j(h) be the third derivative of h**4/6 - 6*h**3 + 2*h**2 - 1272*h + 1. Determine j(10).
4
Suppose 5*f = -416*j + 420*j + 116, -f = 4*j - 4. Let o(t) = t**2 - 15*t - 57. Give o(f).
43
Let o(k) = -4*k**2 - 124*k - 12. Let x be o(-30). Suppose 21*f - 3*f = -x. Let t(p) = -p**3 - 6*p**2 - p. Calculate t(f).
6
Let b be 2/(-5) + (-14)/(-10). Let p(a) be the third derivative of 17*a**5/60 - a**3/6 - 651*a**2. Calculate p(b).
16
Let u(s) = s**2 + 3*s + 3. Let b be u(-2). Suppose 0*y = -y + b. Let v(d) be the first derivative of d**3 + d**2/2 - 1101. Determine v(y).
4
Suppose -13 = -2*s - 5*l, -3*l + 1 + 10 = -2*s. Let t(k) be the third derivative of -29*k**5/60 + k**4/24 + k**3/6 + 61*k**2. Determine t(s).
-29
Let v(g) be the third derivative of -g**5/60 - 7*g**4/24 - 85*g**2 + 2. Give v(-2).
10
Let z(p) = p**2 + 18*p + 69. Let s be (0/(-3))/(-3) - (-1 + 84/7). Calculate z(s).
-8
Let n(m) = 5*m - 54. Let u be 8 - (15 - (-17 - -34)). Determine n(u).
-4
Let k be (10/35)/(16/(-616)). Let o(u) = 2*u - 21. Determine o(k).
-43
Let p be (-4 - 3 - -1)*6*7/(-84). Let v(a) = a**3 - 6*a**2 + 7*a - 1. Give v(p).
-7
Let j(f) = 5*f**3 + 95*f**2 + 100. Let m(o) = 3*o**3 + 60*o**2 - o + 101. Let r(d) = -2*j(d) + 3*m(d). What is r(-8)?
-1
Let x be (-1 - -2)*5*63/35. Let k(c) = -3 + 16 - x*c + 8*c + 1. Give k(13).
1
Let s(z) be the third derivative of -1/4*z**4 - 16*z**2 + 0*z + 7/6*z**3 + 0. Let r(w) = -w + 1. Let a(v) = -5*r(v) + s(v). What is a(3)?
-1
Let s = 3 + -10. Let h = s + 1. Let j(v) = -449 - 13*v**2 - v**2 - 407 + 857 + 9*v**2 - 7*v + 4*v**2. Give j(h).
7
Let t(z) = -4 + 3*z**2 - z**2 + 3*z - z**2. Let u be (0 - -1)/(-1) + 2. Let q(l) = -l - 2. Let i be q(u). What is t(i)?
-4
Let s = -75 - -33. Let l = s - -52. Suppose 10*f - l = 5*f. Let r(n) = -n - 1. Calculate r(f).
-3
Suppose -2*h = -69 + 16 + 9. Let n(f) = -2*f**2 + 42*f + 26. Calculate n(h).
-18
Suppose 59 = 3*f - m, 35 = 2*f - 0*m - 5*m. Suppose -183*t + 185*t = f. Let x(r) = r**2 - 7*r - 13. What is x(t)?
17
Let x(u) = u**3 + 21*u**2 + 20*u + 3. Let a be x(-20). Suppose 3*p - a*q = 216, 3*q = -q - 20. Let s = p - 70. Let b(t) = -5*t - 3. Determine b(s).
12
Let b(w) = -w**2 + 23*w - 96. Let g be b(11). Suppose g*o = 32*o. Let n(c) = c**3 + c - 18. Give n(o).
-18
Suppose 5*l - 72 = 2*l. Let w(c) = -c**2 + 47 - l - 24. Let x be -1 + 3 + (-4 + -12 - -15). What is w(x)?
-2
Let i(s) = 3 + 4*s**2 + 4*s + s**3 + 10*s**2 - 12*s**2. Suppose -5*o - 2*x = 0, 4*o = 2*o + 5*x - 29. Give i(o).
-5
Suppose 204 = -195*k + 183*k. Let n(l) = -l**2 - 12*l + 84. Determine n(k).
-1
Let v(t) = -2*t - 11. Let c(k) = -2*k - 15. Let f(m) = -2*m**3 + 3*m + 5. Let a be f(0). Let s(n) = a*v(n) - 4*c(n). What is s(-5)?
15
Let x(q) = 26684*q**2 + 18*q - 26 - 11 - 26683*q**2. Calculate x(-18).
-37
Let c(d) = -d**3 + 91*d**2 - 84*d - 561. Let w be c(90). Let a(t) = t + 3. Determine a(w).
-18
Let k(z) = 7*z**2 - 2*z - 24. Let c(h) = 11 - h**2 - 10388*h - 2*h**2 + 10389*h. Let r(m) = 5*c(m) + 2*k(m). Let y(x) = x - 5. Let p be y(5). Calculate r(p).
7
Let j(w) be the third derivative of w**5/30 + w**4/24 + 46*w**2. Let h(p) = -5*p**2 + 3*p - 4. Let n(v) = -h(v) - 3*j(v). What is n(-6)?
4
Let b(f) = -3*f**2 + 17*f + 14. Let y(q) = 3*q**2 - q. Let v(x) = -7*x**2 - 22*x - 21. Let o(u) = v(u) + 4*y(u). Let j(z) = -8*b(z) - 5*o(z). What is j(-5)?
-2
Suppose 8*c - 150 = -j, -171*j - 2*c + 18 = -174*j. Let m(b) = -3*b**2 - 3*b**2 + 7*b + 4*b**3 - 3*b**3. What is m(j)?
42
Let o(b) = 2. Let g(v) = -3*v**2 + 13*v + 17. Let n(k) = -g(k) + 4*o(k). Determine n(5).
1
Let x(b) = -14*b + 1. Let g(t) be the third derivative of -t**6/120 + t**5/30 + t**4/3 + t**3/3 - 36*t**2 - t. Let o be g(4). Determine x(o).
-27
Let k be (-6)/(-33) - 9/(-11). Let o be (2 - -1 - -2)/(k/14). Let b = o - 65. Let f(a) = 2*a - 5. Calculate f(b).
5
Let j(b) be the second derivative of -b**5/20 + 2*b**4/3 + 5*b**3/6 - b**2 + 1926*b. Determine j(8).
38
Let u(y) = -1035*y**3 + 2051*y**3 + 2*y - 1024*y**3 - y**2. Determine u(2).
-64
Let m = 45 + -10. Suppose 5*k + 0*k = -5*l + m, 3*k - 3*l + 9 = 0. Let b(t) = -4*t - 4 - 2*t + 9*t + 3*t**k. What is b(-3)?
14
Let k(m) = m - 8. Suppose 0 = 5*b + p + 2, -8 = 5*b + 4*p - 0*p. Suppose b = -17*u + 53 + 66. Calculate k(u).
-1
Suppose 249 - 71 = 89*s. Let m(z) = -8*z**2 + 0 - z - 2 + 4*z. Give m(s).
-28
Let d(n) be the third derivative of n**6/120 - n**5/15 + n**4/24 + 2*n**3/3 + 11893*n**2. Let i = 3 - 0. Give d(i).
-2
Let r be 10 - 23/((-1472)/(-624)). Let m(f) be the first derivative of -4*f - r*f**4 + 10 + 2/3*f**3 + 3*f**2. What is m(4)?
-12
Let n(t) be the second derivative of 2*t - 5/6*t**3 + 1/12*t**4 + 0*t**2 + 0. Let o = 54586 - 54581. What is n(o)?
0
Let w(a) be the first derivative of a**4/4 - 14*a**3/3 + 15*a**2/2 - 22*a + 105. Let q be w(13). Let s(j) = 6*j - 4. Calculate s(q).
20
Let h(x) = x**3 + 3*x**2 - 5*x. Let a be 90/12*(-2 - -8). Let l = a + -41. Suppose -l*p + 12 = 0, 4*f = -p - 11 - 2. Calculate h(f).
4
Let q be (-16)/(-2) - (7/(-119)*0 + 18). Let b(u) = -u**3 - 14*u**2 - 14*u - 16. Let g(v) = -v**3 - 15*v**2 - 15*v - 17. Let s(x) = 4*b(x) - 3*g(x). Give s(q).
-3
Let a = 252 - 235. Let m(n) = n**2 - 19*n + 17. Calculate m(a).
-17
Let b(f) = f**2 + 15*f + 25. Let i = 5536 - 5545. Calculate b(i).
-29
Let g(q) = 22*q**3 - 9 + 17*q**3 + 5*q + 0*q - 60*q**3 + 6*q**2 + 20*q**3. Let w(n) = n**3 - 6*n**2 + 2*n - 5. Let j be w(6). Calculate g(j).
-23
Let d(q) = -47*q - 36*q + 2 - 43*q + 99*q. Determine d(-2).
56
Let f(d) be the first derivative of 5/2*d**2 + 22 - 2*d. Calculate f(-3).
-17
Suppose 49*n + 507 - 507 = 0. Let u(h) be the first derivative of -1/3*h**3 - 11 - 5/2*h**2 + n*h. What is u(-3)?
6
Suppose 26 = 15*l + 11. Let g(o) = 31*o**3 + 3*o**2 - 4*o + 1. Calculate g(l).
31
Suppose f = 3*n - 20, 58*f - 60*f = 5*n - 26. Let d(x) = -x**2 + 16*x + 31. Determine d(f).
-5
Let d(q) = -q**2 + 4*q + 8. Let n = 125 + -120. Suppose -n*v = v - 30. What is d(v)?
3
Let c be 24 - (-33)/693*-609. Let r(m) be the third derivative of m**6/120 + m**5/15 - m**4/4 - 2*m**3/3 + m**2. Give r(c).
1
Let k(d) = 88 - 316*d + 118*d + 118*d + 74*d. Calculate k(15).
-2
Let c(z) = 2 - 105*z**2 - 98*z**2 - 100*z**2 + 304*z**2. Give c(-3).
11
Let b(n) = -23 - 13 - 4*n**2 + 24 - n**3 - 3*n. Let k be b(-4). Let s(p) = -p**2 + 3*p - 2. Give s(k).
-2
Let s(b) = -16*b**2 + 6*b - 42. Let z(m) = 6*m**2 - 3*m + 18. Let d(w) = -2*s(w) - 5*z(w). Calculate d(2).
8
Let t(s) = -3*s + 4. Let u(d) = 1 + 9*d - 3 + 1 - 10*d. Let g(p) = -t(p) + 6*u(p). Give g(-4).
2
Let f(z) = 2*z**2 - 12*z + 4. Suppose 7*u = 96 + 30. Suppose -u*y + 14*y = -32. What is f(y)?
36
Let j be (1 + -5)/(34/(-425)). Let w be (j + -51)*(-1 - 3). Let p(v) be the third derivative of v**5/60 - v**4/8 - 7*v**2. Calculate p(w).
4
Let f(m) = m**3 + m**3 - 5 - m**2 - 17296*m + 17276*m + 19*m**2. What is f(-10)?
-5
Let s(i) = -3*i**2 + 20*i + 11. Let p be s(7). Let o(n) = -2*n**3 + 3*n**2 + 10*n - 2. Give o(p).
-42
Let g(u) = u**3 - 4*u**2 + 2*u + 5. Suppose -329 = -2*j - 193. Suppose j = 10*t + 38. What is g(t)?
2
Let p(v) = -v + 3. Let s be 7 + (-7 - -4) + -3 + 1. Suppose 0 = -3*n + s*w + 7, 0*w - 4*w + 16 = 0. Suppose -2 = 2*g - 3*k + 6, n*g + 3*k + 20 = 0. Give p(g).
7
Let h(u) be the first derivative of -u**4/6 + u**3/2 - u**2 - u + 1. Let x(y) be the first derivative of h(y). Let v = -334863 + 334866. Determine x(v).
-11
Let a(q) = q**2 - q. Let f(n) be the third derivative of -n**6/120 - 19*n**5/60 - 2*n**4 - n**3/6 - 90*n**2 - 2*n. Let l be f(-16). What is a(l)?
2
Suppose 85*t = 2*v + 87*t - 4, -2*v = 3*t. Let g(y) = -y**3 + 8*y**2 - 11*y - 7. What is g(v)?
-1
Let b(p) = -19*p - 128. Let z be b(-37). Let m(s) = -z + 292 + 290 - 2*s. Determine m(5).
-3
Let m(q) = 6*q + 6. Let r(u) = 16*u - 37. Let a(n) = -30*n + 72. Let j(p) = 6*a(p) + 11*r(p). Let s be j(7). Determine m(s).
-12
Let y(k) = -k**3 - 3*k**2 + 8*k + 7. Suppose 33*l = -22*l - 40*l - 570. What is y(l)?
67
Let y(z) be the third deriv